{"id":853,"date":"2021-06-05T16:38:02","date_gmt":"2021-06-05T16:38:02","guid":{"rendered":"http:\/\/www.vaguesquartet.com\/?post_type=tribe_events&#038;p=853"},"modified":"2021-07-27T18:19:54","modified_gmt":"2021-07-27T18:19:54","slug":"festival-lealtrenote-2021-2","status":"publish","type":"tribe_events","link":"https:\/\/vaguesquartet.com\/index.php\/event\/festival-lealtrenote-2021-2\/","title":{"rendered":"Festival LeAltreNote 2021 &#8211; Bormio, Giardino Botanico Alpino &#8220;Rezia&#8221;"},"content":{"rendered":"<p><strong>2 agosto, Bormio (SO)<\/strong><\/p>\n<p><strong> Giardino Botanico Alpino &#8220;Rezia&#8221;<\/strong><\/p>\n<p>&nbsp;<\/p>\n<p><strong>Vagues Saxophone Quartet<\/strong><\/p>\n<p>Andrea Mocci sax soprano<br \/>\nFrancesco Ronzio sax alto<br \/>\nMattia Quirico sax tenore<br \/>\nSalvatore Castellano sax baritono<\/p>\n<p><strong>LeAltreNote Festival2021<\/strong><\/p>\n<p><strong>Programma<\/strong><\/p>\n<ul>\n<li><strong>G. Piern\u00e9<\/strong> (1863 &#8211; 1937) &#8211; Introduction et Variations sur une Ronde Populaire<\/li>\n<li><strong>J. Fran\u00e7aix<\/strong> (1912- 1997) &#8211; Petit Quatuor\n<ul>\n<li>Gaguenardise<\/li>\n<li>Cantil\u00e8ne<\/li>\n<li>S\u00e9r\u00e9nade comique<\/li>\n<\/ul>\n<\/li>\n<li><strong>R. Van Eeten<\/strong> (1973) &#8211; Punctus Einz<\/li>\n<li><strong>J. B. Robin<\/strong> (1976) &#8211; \u00a0Pulse<\/li>\n<li><strong>A. Piazzolla<\/strong> &#8211; <strong>Van der Linden<\/strong> (1921 &#8211; 1992)\n<ul>\n<li>La Muerte del\u00a0 \u00c1ngel<\/li>\n<li>La Milonga del \u00c1ngel<\/li>\n<li>Michelangelo 70<\/li>\n<\/ul>\n<\/li>\n<li><strong>G. Lago<\/strong> (1960)\n<ul>\n<li>Koln<\/li>\n<li>Sarajevo<\/li>\n<li>Cordoba<\/li>\n<\/ul>\n<\/li>\n<\/ul>\n<div><\/div>\n<div>Per info<\/div>\n<div><a href=\"http:\/\/www.lealtrenote.org\/\">Festival LeAltreNote 2021<\/a><\/div>\n<p>&nbsp;<\/p>\n","protected":false},"excerpt":{"rendered":"<p>2 agosto, Bormio (SO) Giardino Botanico Alpino &#8220;Rezia&#8221; &nbsp; Vagues Saxophone Quartet Andrea Mocci sax soprano Francesco Ronzio sax alto Mattia Quirico sax tenore Salvatore Castellano sax baritono LeAltreNote Festival2021 Programma G. Piern\u00e9 (1863 &#8211; 1937) &#8211; Introduction et Variations sur une Ronde Populaire J. Fran\u00e7aix (1912- 1997) &#8211; Petit Quatuor Gaguenardise Cantil\u00e8ne S\u00e9r\u00e9nade comique [&hellip;]<\/p>\n","protected":false},"author":4,"featured_media":0,"comment_status":"closed","ping_status":"closed","template":"","format":"standard","meta":{"_bbp_topic_count":0,"_bbp_reply_count":0,"_bbp_total_topic_count":0,"_bbp_total_reply_count":0,"_bbp_voice_count":0,"_bbp_anonymous_reply_count":0,"_bbp_topic_count_hidden":0,"_bbp_reply_count_hidden":0,"_bbp_forum_subforum_count":0},"tags":[],"tribe_events_cat":[28,24],"_links":{"self":[{"href":"https:\/\/vaguesquartet.com\/index.php\/wp-json\/wp\/v2\/tribe_events\/853"}],"collection":[{"href":"https:\/\/vaguesquartet.com\/index.php\/wp-json\/wp\/v2\/tribe_events"}],"about":[{"href":"https:\/\/vaguesquartet.com\/index.php\/wp-json\/wp\/v2\/types\/tribe_events"}],"author":[{"embeddable":true,"href":"https:\/\/vaguesquartet.com\/index.php\/wp-json\/wp\/v2\/users\/4"}],"replies":[{"embeddable":true,"href":"https:\/\/vaguesquartet.com\/index.php\/wp-json\/wp\/v2\/comments?post=853"}],"version-history":[{"count":3,"href":"https:\/\/vaguesquartet.com\/index.php\/wp-json\/wp\/v2\/tribe_events\/853\/revisions"}],"predecessor-version":[{"id":877,"href":"https:\/\/vaguesquartet.com\/index.php\/wp-json\/wp\/v2\/tribe_events\/853\/revisions\/877"}],"wp:attachment":[{"href":"https:\/\/vaguesquartet.com\/index.php\/wp-json\/wp\/v2\/media?parent=853"}],"wp:term":[{"taxonomy":"post_tag","embeddable":true,"href":"https:\/\/vaguesquartet.com\/index.php\/wp-json\/wp\/v2\/tags?post=853"},{"taxonomy":"tribe_events_cat","embeddable":true,"href":"https:\/\/vaguesquartet.com\/index.php\/wp-json\/wp\/v2\/tribe_events_cat?post=853"}],"curies":[{"name":"wp","href":"https:\/\/api.w.org\/{rel}","templated":true}]}}

<p><strong>2 agosto, Bormio (SO)</strong></p>
<p><strong> Giardino Botanico Alpino &#8220;Rezia&#8221;</strong></p>
<p>&nbsp;</p>
<p><strong>Vagues Saxophone Quartet</strong></p>
<p>Andrea Mocci sax soprano<br />
Francesco Ronzio sax alto<br />
Mattia Quirico sax tenore<br />
Salvatore Castellano sax baritono</p>
<p><strong>LeAltreNote Festival2021</strong></p>
<p><strong>Programma</strong></p>
<ul>
<li><strong>G. Pierné</strong> (1863 &#8211; 1937) &#8211; Introduction et Variations sur une Ronde Populaire</li>
<li><strong>J. Françaix</strong> (1912- 1997) &#8211; Petit Quatuor
<ul>
<li>Gaguenardise</li>
<li>Cantilène</li>
<li>Sérénade comique</li>
</ul>
</li>
<li><strong>R. Van Eeten</strong> (1973) &#8211; Punctus Einz</li>
<li><strong>J. B. Robin</strong> (1976) &#8211;  Pulse</li>
<li><strong>A. Piazzolla</strong> &#8211; <strong>Van der Linden</strong> (1921 &#8211; 1992)
<ul>
<li>La Muerte del  Ángel</li>
<li>La Milonga del Ángel</li>
<li>Michelangelo 70</li>
</ul>
</li>
<li><strong>G. Lago</strong> (1960)
<ul>
<li>Koln</li>
<li>Sarajevo</li>
<li>Cordoba</li>
</ul>
</li>
</ul>
<div></div>
<div>Per info</div>
<div><a href="http://www.lealtrenote.org/">Festival LeAltreNote 2021</a></div>
<p>&nbsp;</p>

<p>2 agosto, Bormio (SO) Giardino Botanico Alpino &#8220;Rezia&#8221; &nbsp; Vagues Saxophone Quartet Andrea Mocci sax soprano Francesco Ronzio sax alto Mattia Quirico sax tenore Salvatore Castellano sax baritono LeAltreNote Festival2021 Programma G. Pierné (1863 &#8211; 1937) &#8211; Introduction et Variations sur une Ronde Populaire J. Françaix (1912- 1997) &#8211; Petit Quatuor Gaguenardise Cantilène Sérénade comique [&hellip;]</p>
